{"id":94,"date":"2023-01-12T21:53:01","date_gmt":"2023-01-12T21:53:01","guid":{"rendered":"https:\/\/m-bracone.de\/?page_id=94"},"modified":"2023-01-18T10:39:04","modified_gmt":"2023-01-18T10:39:04","slug":"impressum","status":"publish","type":"page","link":"https:\/\/m-bracone.de\/?page_id=94","title":{"rendered":"Impressum \/ Datenschutz"},"content":{"rendered":"\t\t<div data-elementor-type=\"wp-page\" data-elementor-id=\"94\" class=\"elementor elementor-94\">\n\t\t\t\t\t\t<section class=\"elementor-section elementor-top-section elementor-element elementor-element-69ebadd elementor-section-boxed elementor-section-height-default elementor-section-height-default\" data-id=\"69ebadd\" data-element_type=\"section\">\n\t\t\t\t\t\t<div class=\"elementor-container elementor-column-gap-default\">\n\t\t\t\t\t<div class=\"elementor-column elementor-col-100 elementor-top-column elementor-element elementor-element-00db7ab\" data-id=\"00db7ab\" data-element_type=\"column\">\n\t\t\t<div class=\"elementor-widget-wrap elementor-element-populated\">\n\t\t\t\t\t\t<div class=\"elementor-element elementor-element-134ae1c elementor-widget elementor-widget-text-editor\" data-id=\"134ae1c\" data-element_type=\"widget\" data-widget_type=\"text-editor.default\">\n\t\t\t\t<div class=\"elementor-widget-container\">\n\t\t\t\t\t\t\t\t\t<h2>Impressum<\/h2>\n<h5>Angaben gem\u00e4\u00df \u00a7 5 TMG<\/h5>\n<p>Marco Bracone<br>Geb\u00e4udeenergieberater Marco Bracone<br>Adestra\u00dfe 24<br>70435 Stuttgart<\/p>\n<p><span style=\"font-size: 2.4rem; font-weight: 700; letter-spacing: -0.0415625em; text-align: inherit; color: var( --e-global-color-text ); font-family: var( --e-global-typography-text-font-family ), Sans-serif;\">Kontakt<\/span><br><\/p>\n<p>Telefon: +49176 62763762<br>E-Mail: energieberater@m-bracone.de<\/p>\n<h5>Berufsbezeichnung und berufsrechtliche Regelungen<\/h5>\n<p>Berufsbezeichnung:<br>Geb\u00e4udeenergieberater<\/p>\n<p>Zust\u00e4ndige Kammer:<br>Industrie- und Handelskammer (IHK) Region Stuttgart<br>J\u00e4gerstra\u00dfe 30, 70174 Stuttgart<\/p>\n<p>Verliehen in:<br>Deutschland<\/p>\n<p>Es gelten folgende berufsrechtliche Regelungen:<\/p>\n<p>Bafa<br>einsehbar unter: <a href=\"https:\/\/www.bafa.de\/\" target=\"_blank\" rel=\"noopener noreferrer\">https:\/\/www.bafa.de\/<\/a><\/p>\n<p>Dena<br>einsehbar unter: <a href=\"https:\/\/www.dena.de\/\" target=\"_blank\" rel=\"noopener noreferrer\">https:\/\/www.dena.de\/<\/a><\/p>\n<p>KFW<br>einsehbar unter: <a href=\"https:\/\/www.kfw.de\/\" target=\"_blank\" rel=\"noopener noreferrer\">https:\/\/www.kfw.de\/<\/a><\/p>\n<p>DIBT<br>einsehbar unter: <a href=\"https:\/\/www.dibt.de\/\" target=\"_blank\" rel=\"noopener noreferrer\">https:\/\/www.dibt.de\/<\/a><\/p>\n<h5>Angaben zur Berufs\u00adhaftpflicht\u00adversicherung<\/h5>\n<p><strong>Name und Sitz des Versicherers:<\/strong><br>Zurich Insurance Group<br>Deutzer Allee 1<br>50679 K\u00f6ln<\/p>\n<p><strong>Geltungsraum der Versicherung:<\/strong><br>Deutschland<\/p>\n<h5>Haftungshinweis<\/h5>\n<p>Unser Angebot enth\u00e4lt Links zu externen Webseiten Dritter, auf deren Inhalte wir keinen Einfluss haben. Deshalb k\u00f6nnen wir f\u00fcr diese fremden Inhalte auch keine Gew\u00e4hr \u00fcbernehmen. F\u00fcr die Inhalte der verlinkten Seiten ist stets der jeweilige Anbieter oder Betreiber der Seiten verantwortlich. Die verlinkten Seiten wurden zum Zeitpunkt der Verlinkung auf m\u00f6gliche Rechtsverst\u00f6\u00dfe \u00fcberpr\u00fcft. Rechtswidrige Inhalte waren zum Zeitpunkt der Verlinkung nicht erkennbar. Eine permanente inhaltliche Kontrolle der verlinkten Seiten ist jedoch ohne konkrete Anhaltspunkte einer Rechtsverletzung nicht zumutbar. Bei Bekanntwerden von Rechtsverletzungen werden wir derartige Links umgehend entfernen.<\/p>\n<h5>EU-Streitschlichtung<\/h5>\n<p>Die Europ\u00e4ische Kommission stellt eine Plattform zur Online-Streitbeilegung (OS) bereit: <a href=\"https:\/\/ec.europa.eu\/consumers\/odr\/\" target=\"_blank\" rel=\"noopener noreferrer\">https:\/\/ec.europa.eu\/consumers\/odr\/<\/a>.<br>Unsere E-Mail-Adresse finden Sie oben im Impressum.<\/p>\n<h5>Verbraucher\u00adstreit\u00adbeilegung\/Universal\u00adschlichtungs\u00adstelle<\/h5>\n<p>Wir sind nicht bereit oder verpflichtet, an Streitbeilegungsverfahren vor einer Verbraucherschlichtungsstelle teilzunehmen.<\/p>\n<p>Quelle: <a href=\"https:\/\/www.e-recht24.de\/impressum-generator.html\">https:\/\/www.e-recht24.de\/impressum-generator.html<\/a><\/p>\t\t\t\t\t\t\t\t<\/div>\n\t\t\t\t<\/div>\n\t\t\t\t\t<\/div>\n\t\t<\/div>\n\t\t\t\t\t<\/div>\n\t\t<\/section>\n\t\t\t\t<section class=\"elementor-section elementor-top-section elementor-element elementor-element-ab7a60c elementor-section-boxed elementor-section-height-default elementor-section-height-default\" data-id=\"ab7a60c\" data-element_type=\"section\">\n\t\t\t\t\t\t<div class=\"elementor-container elementor-column-gap-default\">\n\t\t\t\t\t<div class=\"elementor-column elementor-col-100 elementor-top-column elementor-element elementor-element-f630d9c\" data-id=\"f630d9c\" data-element_type=\"column\">\n\t\t\t<div class=\"elementor-widget-wrap elementor-element-populated\">\n\t\t\t\t\t\t<div class=\"elementor-element elementor-element-f0981ba elementor-widget-divider--view-line elementor-widget elementor-widget-divider\" data-id=\"f0981ba\" data-element_type=\"widget\" data-widget_type=\"divider.default\">\n\t\t\t\t<div class=\"elementor-widget-container\">\n\t\t\t\t\t\t\t<div class=\"elementor-divider\">\n\t\t\t<span class=\"elementor-divider-separator\">\n\t\t\t\t\t\t<\/span>\n\t\t<\/div>\n\t\t\t\t\t\t<\/div>\n\t\t\t\t<\/div>\n\t\t\t\t\t<\/div>\n\t\t<\/div>\n\t\t\t\t\t<\/div>\n\t\t<\/section>\n\t\t\t\t<section class=\"elementor-section elementor-top-section elementor-element elementor-element-ee3e68c elementor-section-boxed elementor-section-height-default elementor-section-height-default\" data-id=\"ee3e68c\" data-element_type=\"section\">\n\t\t\t\t\t\t<div class=\"elementor-container elementor-column-gap-default\">\n\t\t\t\t\t<div class=\"elementor-column elementor-col-100 elementor-top-column elementor-element elementor-element-5f8b248\" data-id=\"5f8b248\" data-element_type=\"column\">\n\t\t\t<div class=\"elementor-widget-wrap elementor-element-populated\">\n\t\t\t\t\t\t<div class=\"elementor-element elementor-element-236e8a1 elementor-widget elementor-widget-text-editor\" data-id=\"236e8a1\" data-element_type=\"widget\" data-widget_type=\"text-editor.default\">\n\t\t\t\t<div class=\"elementor-widget-container\">\n\t\t\t\t\t\t\t\t\t<h2><strong>Datenschutzerkl\u00e4rung<\/strong><\/h2><p>In dieser Datenschutzerkl\u00e4rung informieren wir Sie \u00fcber die Verarbeitung personenbezogener Daten bei der Nutzung dieser Website.<\/p><h5><strong>Verantwortlicher<\/strong><\/h5><p>Verantwortlich f\u00fcr die Datenverarbeitung ist<br \/><span style=\"letter-spacing: -0.27px;\">Marco Bracone<\/span><br style=\"letter-spacing: -0.27px;\" \/><span style=\"letter-spacing: -0.27px;\">Geb\u00e4udeenergieberater Marco Bracone<\/span><br style=\"letter-spacing: -0.27px;\" \/><span style=\"letter-spacing: -0.27px;\">Adestra\u00dfe 24<\/span><br style=\"letter-spacing: -0.27px;\" \/><span style=\"letter-spacing: -0.27px;\">70435 Stuttgart<\/span><\/p><p><span style=\"letter-spacing: -0.27px;\">Telefon: +49176 62763762<\/span><br style=\"letter-spacing: -0.27px;\" \/><span style=\"letter-spacing: -0.27px;\">E-Mail: energieberater@m-bracone.de<\/span><span style=\"letter-spacing: -0.27px;\"><br \/><\/span><\/p><h5><strong style=\"font-size: inherit; text-align: inherit; color: var( --e-global-color-text ); font-family: var( --e-global-typography-text-font-family ), Sans-serif; letter-spacing: -0.015em;\">Daten beim Websiteaufruf<\/strong><\/h5><p>Wenn Sie diese Website nur nutzen, um sich zu informieren und keine Daten angeben, dann verarbeiten wir nur die Daten, die zur Anzeige der Website auf dem von Ihnen verwendeten internetf\u00e4higen Ger\u00e4t erforderlich sind. Das sind insbesondere:<\/p><ul><li>IP-Adresse<\/li><li>Datum und Uhrzeit der Anfrage<\/li><li>jeweils \u00fcbertragene Datenmenge<\/li><li>die Website, von der die Anforderung kommt<\/li><li>Browsertyp und Browserversion<\/li><li>Betriebssystem<\/li><\/ul><p>Rechtsgrundlage f\u00fcr die Verarbeitung dieser Daten sind berechtigte Interessen gem\u00e4\u00df Art. 6 Abs. 1 UAbs. 1 Buchstabe f) DSGVO, um die Darstellung der Website grunds\u00e4tzlich zu erm\u00f6glichen.<\/p><h5><strong style=\"font-size: inherit; text-align: inherit; color: var( --e-global-color-text ); font-family: var( --e-global-typography-text-font-family ), Sans-serif; letter-spacing: -0.015em;\">Einsatz von Cookies\u00a0<\/strong><\/h5><p>Beim Besuch der Website k\u00f6nnen Cookies auf Ihrem Ger\u00e4t gespeichert werden. Cookies sind kleine Textdateien, die von dem von Ihnen verwendeten Browser gespeichert werden. Cookies k\u00f6nnen keine Programme ausf\u00fchren und auch keine Viren auf Ihr Ger\u00e4t \u00fcbertragen. Die Stelle, die den Cookie setzt, kann dar\u00fcber jedoch bestimmte Informationen erhalten. Cookies dienen dazu, das Internetangebot benutzerfreundlicher zu machen. Mithilfe von Cookies kann beispielsweise das Ger\u00e4t, mit dem diese Website aufgerufen wurde, bei einem erneuten Aufruf erkannt werden.<\/p><p>Durch die Browsereinstellungen l\u00e4sst sich das Setzen von Cookies einschr\u00e4nken oder verhindern. So kann z. B. nur die Annahme von Cookies, die von Drittanbietern stammen, blockiert werden oder aber auch die Annahme von allen Cookies. Durch das Blockieren sind jedoch m\u00f6glicherweise nicht mehr alle Funktionen dieser Website nutzbar. Im weiteren Text dieser Datenschutzerkl\u00e4rung informieren wir Sie konkret, an welchen Stellen und zu welchen Zwecken Cookies auf den Seiten zum Einsatz kommen.<\/p><h5><strong>Datenschutzerkl\u00e4rung f\u00fcr Google Analytics<\/strong><\/h5><p>Diese Website verwendet Google Analytics, einen Webanalysedienst der Google Inc., 1600 Amphitheatre Parkway, Mountain View, CA 94043, USA. Zu diesem Zweck werden von Google Cookies auf dem Ger\u00e4t gesetzt. Diese erm\u00f6glichen eine Analyse der Website-Nutzung. Die dabei erfassten Informationen werden in der Regel an einen Server von Google in den USA \u00fcbermittelt und dort erfasst \u2013 darunter auch die IP-Adresse. Google Analytics ist dabei so eingestellt, dass IP-Adressen nur anonymisiert gespeichert werden. Google k\u00fcrzt aufgrund dieser Einstellung vor der Speicherung die innerhalb von Mitgliedstaaten der Europ\u00e4ischen Union oder in anderen Vertragsstaaten des Abkommens \u00fcber den Europ\u00e4ischen Wirtschaftsraum erfassten IP-Adressen. Google nutzt die gesammelten Informationen, um die Nutzung der Webseiten auszuwerten und entsprechende Berichte zu erstellen. Google Analytics ist so eingestellt, dass die Daten innerhalb von 14 Monaten nach ihrem Entstehen gel\u00f6scht werden.<\/p><p>Die Verarbeitung der Daten erfolgt auf Grundlage von Art. 6 Abs. 1 UAbs. 1 Buchstabe f) DSGVO mit dem berechtigten Interesse an der Verbesserung dieses Websiteangebots.<\/p><p>Das Setzen des Analytics-Cookies l\u00e4sst sich verhindern, indem der Browser so eingestellt wird, dass dieser alle Cookies ablehnt. M\u00f6glicherweise beeintr\u00e4chtigt das jedoch die Nutzungsm\u00f6glichkeiten dieser Website. Die Erfassung von Daten durch Google kann au\u00dferdem die Installation des folgenden Browser-Plug-ins verhindern: <a href=\"https:\/\/tools.google.com\/dlpage\/gaoptout?hl=de\">https:\/\/tools.google.com\/dlpage\/gaoptout?hl=de<\/a>. Die Erfassung von Daten durch Google Analytics verhindert zudem ein Klick auf folgenden Link. Dieser setzt ein entsprechende Opt-Out-Cookie: <a>Erfassung von Daten durch Google Analytics f\u00fcr diese Website deaktivieren<\/a>.<\/p><p>Weitere Informationen zum Datenschutz von Google finden Sie unter: <a href=\"https:\/\/www.google.com\/intl\/de\/analytics\/privacyoverview.html\">https:\/\/www.google.com\/intl\/de\/analytics\/privacyoverview.html<\/a>.<\/p><p>Quelle: <a href=\"https:\/\/www.anwalt.de\/vorlage\/muster-datenschutzerklaerung.php\" rel=\"nofollow\">Muster-Datenschutzerkl\u00e4rung von anwalt.de<\/a><\/p>\t\t\t\t\t\t\t\t<\/div>\n\t\t\t\t<\/div>\n\t\t\t\t\t<\/div>\n\t\t<\/div>\n\t\t\t\t\t<\/div>\n\t\t<\/section>\n\t\t\t\t<\/div>\n\t\t","protected":false},"excerpt":{"rendered":"<p>Impressum Angaben gem\u00e4\u00df \u00a7 5 TMG Marco BraconeGeb\u00e4udeenergieberater Marco BraconeAdestra\u00dfe 2470435 Stuttgart Kontakt Telefon: +49176 62763762E-Mail: energieberater@m-bracone.de Berufsbezeichnung und berufsrechtliche Regelungen Berufsbezeichnung:Geb\u00e4udeenergieberater Zust\u00e4ndige Kammer:Industrie- und Handelskammer (IHK) Region StuttgartJ\u00e4gerstra\u00dfe 30, 70174 Stuttgart Verliehen in:Deutschland Es gelten folgende berufsrechtliche Regelungen: Bafaeinsehbar unter: https:\/\/www.bafa.de\/ Denaeinsehbar unter: https:\/\/www.dena.de\/ KFWeinsehbar unter: https:\/\/www.kfw.de\/ DIBTeinsehbar unter: https:\/\/www.dibt.de\/ Angaben zur Berufs\u00adhaftpflicht\u00adversicherung Name [&hellip;]<\/p>\n","protected":false},"author":1,"featured_media":0,"parent":0,"menu_order":0,"comment_status":"closed","ping_status":"closed","template":"","meta":{"footnotes":""},"class_list":["post-94","page","type-page","status-publish","hentry"],"_links":{"self":[{"href":"https:\/\/m-bracone.de\/index.php?rest_route=\/wp\/v2\/pages\/94","targetHints":{"allow":["GET"]}}],"collection":[{"href":"https:\/\/m-bracone.de\/index.php?rest_route=\/wp\/v2\/pages"}],"about":[{"href":"https:\/\/m-bracone.de\/index.php?rest_route=\/wp\/v2\/types\/page"}],"author":[{"embeddable":true,"href":"https:\/\/m-bracone.de\/index.php?rest_route=\/wp\/v2\/users\/1"}],"replies":[{"embeddable":true,"href":"https:\/\/m-bracone.de\/index.php?rest_route=%2Fwp%2Fv2%2Fcomments&post=94"}],"version-history":[{"count":0,"href":"https:\/\/m-bracone.de\/index.php?rest_route=\/wp\/v2\/pages\/94\/revisions"}],"wp:attachment":[{"href":"https:\/\/m-bracone.de\/index.php?rest_route=%2Fwp%2Fv2%2Fmedia&parent=94"}],"curies":[{"name":"wp","href":"https:\/\/api.w.org\/{rel}","templated":true}]}}